me number?
False
Is 5653600243 a composite number?
False
Is 116724121 prime?
True
Is 5579350841 a composite number?
False
Is 728459053 a prime number?
False
Is 1044067289 prime?
True
Is 1652515041 composite?
True
Is 744253397 a composite number?
False
Is 3479647337 composite?
False
Is 2335742051 composite?
False
Is 3501390097 composite?
False
Is 98594050301 a composite number?
False
Is 5795357993 composite?
True
Is 503198587 composite?
True
Is 1426087163 a prime number?
False
Is 1037327579 a composite number?
False
Is 15865769149 a composite number?
False
Is 26416660747 prime?
True
Is 94313509 composite?
False
Is 1635410639 a prime number?
True
Is 10712018897 a prime number?
True
Is 6117981119 a prime number?
True
Is 29973852197 a prime number?
False
Is 375977519 composite?
True
Is 839212397 a prime number?
True
Is 5174704501 a prime number?
True
Is 1790207651 prime?
False
Is 4281002357 composite?
False
Is 17753661817 prime?
False
Is 10226621 a composite number?
True
Is 17226831163 a composite number?
True
Is 24443854922 composite?
True
Is 1965042501 a prime number?
False
Is 8676679885 a composite number?
True
Is 5841650179 composite?
False
Is 16931851 a prime number?
True
Is 1154760589 a composite number?
True
Is 819945439 a prime number?
True
Is 190819691671 a prime number?
False
Is 65010917809 prime?
True
Is 25343085811 composite?
True
Is 164878481 a prime number?
True
Is 27690824963 a composite number?
True
Is 22427429207 prime?
True
Is 549466189 a prime number?
True
Is 1992075467 a prime number?
True
Is 75210499079 composite?
False
Is 714385337 a composite number?
False
Is 4894770833 a composite number?
False
Is 9324042719 composite?
False
Is 11557684639 a prime number?
True
Is 699099887 composite?
False
Is 11379273583 composite?
False
Is 3593217767 composite?
True
Is 49623689 prime?
True
Is 161956661 composite?
False
Is 186939979 prime?
True
Is 47796289 a composite number?
True
Is 58240060694 composite?
True
Is 248196187 a prime number?
False
Is 75481988839 a prime number?
True
Is 129918773 a prime number?
False
Is 27148431179 a prime number?
False
Is 2861585567 prime?
False
Is 358692523091 prime?
False
Is 439816151 prime?
False
Is 3323378111 composite?
False
Is 21464968741 a prime number?
False
Is 250720007 composite?
False
Is 3607449121 prime?
False
Is 8360245429 composite?
True
Is 674194583 prime?
False
Is 22822019602 a prime number?
False
Is 15944536037 a composite number?
False
Is 6427411889 composite?
False
Is 504803983 prime?
True
Is 39737878 a prime number?
False
Is 469935083 a prime number?
True
Is 8635972109 composite?
False
Is 644273402 a prime number?
False
Is 7181045639 composite?
False
Is 35971139387 composite?
False
Is 608071741 composite?
True
Is 177052380389 prime?
True
Is 351511309 composite?
True
Is 8201605189 a composite number?
True
Is 16486396513 prime?
True
Is 52649029255 a prime number?
False
Is 4617795881 prime?
False
Is 963988615 a composite number?
True
Is 43936314371 a composite number?
False
Is 9046823237 a composite number?
True
Is 2176149971 a prime number?
False
Is 17005742627 composite?
False
Is 135447043 prime?
False
Is 12500143663 prime?
False
Is 2016565099 composite?
False
Is 1859498611 composite?
True
Is 52247914357 a composite number?
False
Is 10999094069 composite?
False
Is 1264475041 a composite number?
False
Is 226444187 prime?
True
Is 630251021 a composite number?
False
Is 1172098097 a prime number?
True
Is 28522592471 composite?
True
Is 476612287 composite?
False
Is 34469824439 composite?
True
Is 988581983 a prime number?
False
Is 534695471 a composite number?
True
Is 3458012861 a prime number?
True
Is 33166473019 a composite number?
True
Is 3651741433 a composite number?
False
Is 454758607969 a prime number?
True
Is 98209922911 composite?
True
Is 12925051817 a prime number?
False
Is 79980506531 a composite number?
False
Is 212090363 composite?
True
Is 5385859419 composite?
True
Is 6842216047 prime?
True
Is 593483551 prime?
True
Is 14353197277 prime?
True
Is 75545531 a composite number?
True
Is 609603899 a composite number?
True
Is 7217480987 a prime number?
True
Is 419153459 prime?
True
Is 299621837 a composite number?
False
Is 15279084515 composite?
True
Is 1317320269 a prime number?
False
Is 686081567 a prime number?
True
Is 39664747051 a composite number?
False
Is 6429145369 composite?
True
Is 6492610247 a prime number?
False
Is 5648410757 a prime number?
False
Is 206123231 a composite number?
True
Is 102239311 composite?
False
Is 2512601239 a prime number?
True
Is 736428629 prime?
True
Is 8199182191 composite?
False
Is 1943636477 composite?
False
Is 716076851 a prime number?
False
Is 1139215697 a prime number?
True
Is 36150721001 composite?
True
Is 1614336157 prime?
False
Is 3901821877 composite?
False
Is 2816035031 composite?
False
Is 1582094 composite?
True
Is 35366235341 prime?
True
Is 479067817 a composite number?
False
Is 25864565011 composite?
True
Is 140371326619 a composite number?
False
Is 3128914027 a composite number?
True
Is 31516194701 prime?
True
Is 6383605727 a composite number?
False
Is 756393427 composite?
True
Is 12760828039 a composite number?
True
Is 425128641853 composite?
False
Is 670844527 a prime number?
True
Is 1264656527 prime?
False
Is 2872270133 composite?
True
Is 1898523071 a composite number?
False
Is 567958327 composite?
False
Is 9815305189 composite?
False
Is 10951860721 composite?
False
Is 4544779039 a composite number?
True
Is 280415759927 a composite number?
True
Is 117040561337 a prime number?
False
Is 12468690671 composite?
False
Is 1697300471 composite?
True
Is 7747463 a composite number?
False
Is 3611473567 a composite number?
True
Is 157297308767 a prime number?
True
Is 12270660937 a composite number?
False
Is 3382019691 a composite number?
True
Is 29509087747 a composite number?
True
Is 74591135 a prime number?
False
Is 650275259 prime?
False
Is 160492385 composite?
True
Is 30015527 a prime number?
True
Is 20376915841 prime?
True
Is 1448871911 a composite number?
False
Is 8929515391 a prime number?
True
Is 1702856219 a composite number?
False
Is 14358647263 a prime number?
False
Is 41690994467 a composite number?
False
Is 9307274891 a composite number?
True
Is 478775897 composite?
False
Is 20863152147 a prime number?
False
Is 2155170103 composite?
True
Is 1180338811 composite?
False
Is 13309105 a composite number?
True
Is 3103857749 a composite number?
True
Is 172735798237 prime?
False
Is 904715983 prime?
False
Is 2992146023 a prime number?
True
Is 3640400657 prime?
True
Is 1401119677 a composite number?
False
Is 534471991 a prime number?
True
Is 13086509 composite?
False
Is 2023988761 prime?
False
Is 57416852013 prime?
False
Is 2940636887 a composite number?
False
Is 518931859 prime?
True
Is 391296641 a prime number?
True
Is 91764568955 composite?
True
Is 4559813969 composite?
True
Is 553960289 a prime number?
True
Is 2713929947 a prime number?
False
Is 62975179779 a composite number?
True
Is 46628831 a composite number?
True
Is 477691639 a prime number?
False
Is 5498751959 prime?
True
Is 24814754267 prime?
True
Is 521420869 a composite number?
False
Is 535097567 a composite number?
False
Is 294363681449 prime?
True
Is 17448923773 a prime number?
True
Is 2392528861 prime?
True
Is 7384230593 prime?
False
Is 3217712242 prime?
False
Is 178188323 a composite number?
False
Is 14135464183 prime?
False
Is 30499807319 a composite number?
True
Is 2222845717 prime?
True
Is 15731272819 a composite number?
False
Is 126229760581 a composite number?
False
Is 2058663251 a composite number?
False
Is 1162959527 a composite number?
True
Is 165291604103 a composite number?
True
Is 713723753 composite?
False
Is 733584869 a composite number?
False
Is 1338477719 a prime number?
True
Is 624199633 a composite number?
False
Is 430140559 a prime number?
True
Is 1426578983 prime?
False
Is 5468256494 a prime number?
False
Is 80675321 a prime number?
True
Is 1588868279 prime?
True
Is 1503646759 prime?
True
Is 16746836407 composite?
True
Is 1507646729 a composite number?
False
Is 18662133097 prime?
True
Is 2154481711 composite?
True
Is 1089963649 a prime number?
False
Is 1697235427 prime?
False
Is 21760720529 composite?
False
Is 32302782289 prime?
True
Is 17608847897 prime?